{"id":2137,"date":"2023-09-05T23:36:22","date_gmt":"2023-09-05T21:36:22","guid":{"rendered":"https:\/\/poitouretroelec.fr\/?post_type=product&#038;p=2137"},"modified":"2024-12-31T17:06:44","modified_gmt":"2024-12-31T16:06:44","slug":"allumage-eloise-24v","status":"publish","type":"product","link":"https:\/\/poitouretroelec.fr\/index.php\/produit\/allumage-eloise-24v\/","title":{"rendered":"Allumage Eloise 24V"},"content":{"rendered":"<p>Bo\u00eetier Eloise d\u00e9di\u00e9 au v\u00e9hicules en 24V<\/p>\n","protected":false},"excerpt":{"rendered":"<p>Allumage Eloise<\/p>\n<p>Version 24V<\/p>\n<p>Si vous avez un v\u00e9hicule anglais avec le + \u00e0 la masse c&rsquo;est par ici: [maxbutton id=\"2\" ]<\/p>\n<p>Pour la version classique (6 et 12V) c&rsquo;est ici: [maxbutton id=\"4\" ]<\/p>\n","protected":false},"featured_media":3289,"template":"","meta":[],"product_brand":[],"product_cat":[15],"product_tag":[],"class_list":{"0":"post-2137","1":"product","2":"type-product","3":"status-publish","4":"has-post-thumbnail","6":"product_cat-non-classe","8":"first","9":"instock","10":"taxable","11":"shipping-taxable","12":"purchasable","13":"product-type-simple","14":"czr-hentry"},"jetpack_sharing_enabled":true,"_links":{"self":[{"href":"https:\/\/poitouretroelec.fr\/index.php\/wp-json\/wp\/v2\/product\/2137","targetHints":{"allow":["GET"]}}],"collection":[{"href":"https:\/\/poitouretroelec.fr\/index.php\/wp-json\/wp\/v2\/product"}],"about":[{"href":"https:\/\/poitouretroelec.fr\/index.php\/wp-json\/wp\/v2\/types\/product"}],"wp:featuredmedia":[{"embeddable":true,"href":"https:\/\/poitouretroelec.fr\/index.php\/wp-json\/wp\/v2\/media\/3289"}],"wp:attachment":[{"href":"https:\/\/poitouretroelec.fr\/index.php\/wp-json\/wp\/v2\/media?parent=2137"}],"wp:term":[{"taxonomy":"product_brand","embeddable":true,"href":"https:\/\/poitouretroelec.fr\/index.php\/wp-json\/wp\/v2\/product_brand?post=2137"},{"taxonomy":"product_cat","embeddable":true,"href":"https:\/\/poitouretroelec.fr\/index.php\/wp-json\/wp\/v2\/product_cat?post=2137"},{"taxonomy":"product_tag","embeddable":true,"href":"https:\/\/poitouretroelec.fr\/index.php\/wp-json\/wp\/v2\/product_tag?post=2137"}],"curies":[{"name":"wp","href":"https:\/\/api.w.org\/{rel}","templated":true}]}}